 units digit of x(-15)?
8
What is the units digit of 2 + 0 - (-95 + -26)?
3
Let n(b) = -3*b**2 - 1 + 9*b**2 + 8*b**2. What is the tens digit of n(2)?
5
Let i = -19 - -24. Suppose -4*p + 5*c = 0, 3*c = p + i*c. Suppose p = 2*k - 19 - 5. What is the tens digit of k?
1
What is the hundreds digit of 654/(3 + ((-21)/6 - -2))?
4
Suppose 5*v = 6*v - 4. Suppose 5*o = y - 56, 38 = y + 2*o - v. What is the units digit of y?
6
Suppose -4*h = 3*o - 20, 2*o - 5*h + 2*h = -15. Suppose -5*z + 15 = -o*z. What is the tens digit of (-2 - 5)*-1 + z?
1
Suppose -r + 4*y = -400 - 255, 3*y = -5*r + 3367. What is the hundreds digit of r?
6
Let v = 75 + -85. What is the tens digit of ((-234)/v)/((-48)/(-160))?
7
Let l(g) = 2*g**2 - 7*g - 239. What is the tens digit of l(-13)?
9
Suppose 25*t = 93643 - 11768. What is the units digit of t?
5
Let u be (5 + -1 + -4)/1. Suppose 4*d = 5*z + 655, 4*d + u*z = 3*z + 657. What is the hundreds digit of d?
1
Let o = -122 - -80. What is the tens digit of (-3)/(o/(-4)) - (-3924)/63?
6
Suppose 0 = -z + 2*z - 2. What is the tens digit of (28/42)/(z/129)?
4
Suppose -3*b + 84 = 252. Let a = 111 + b. What is the tens digit of a?
5
Let z(q) = 13*q - 3. Let m(v) = 38*v - 8. Let s(k) = -5*m(k) + 14*z(k). What is the tens digit of s(-4)?
3
Suppose -7*s - 10 = -2*s. Let c(d) = 17*d**2 + 4*d + 3. What is the tens digit of c(s)?
6
Let m(n) = -n**3 - 22*n**2 + 6*n - 8. Let p be m(-23). Let b = p - 252. What is the hundreds digit of b?
1
Let w be 4/(((-4)/(-9))/(14/(-21))). What is the units digit of (159/w - 2)*(-4)/6?
9
Let b = 4542 - 1391. What is the tens digit of b?
5
Let u(h) = 37*h - 14. Let g = 136 + -131. What is the units digit of u(g)?
1
Let w be 5/((4 - 3)*-1). Let q = -1 - w. Suppose -q*u - 3*a + 177 = -0*a, 2*u = -2*a + 86. What is the units digit of u?
8
Suppose 28 - 1 = 5*k - 4*r, -6 = 3*k + 5*r. Suppose -2*s - k*s = -35. Let b = s + 11. What is the units digit of b?
8
Suppose 908 + 398 = 2*r. What is the tens digit of r?
5
Let r(f) = -f**2 - 3*f + 5. Let t be r(-3). Suppose 79 = t*g - 991. What is the tens digit of g?
1
Suppose 0 = 270*o - 296*o + 97370. What is the units digit of o?
5
Let n(m) = 2*m - 38. Let s be n(20). Suppose 144 + 72 = s*o + 5*r, -5*o + 569 = -2*r. What is the tens digit of o?
1
Let k(n) = 7*n + 46. What is the hundreds digit of k(18)?
1
Suppose -12*g = 93*g - 220920. What is the thousands digit of g?
2
Suppose 5*r + 5*i - 4*i - 1151 = 0, r - 251 = 5*i. What is the tens digit of r?
3
Let k be (-1 - -39) + 9/(-3). Let s(g) = g**2 - 35*g + k*g + 6. What is the tens digit of s(-5)?
3
Let t be -2*4/8 - -4. Suppose -10 = t*f + 3*b + 17, 6 = f - 2*b. Let k = 11 + f. What is the units digit of k?
7
Suppose -3*z - 3366 = -3*a, 33*a - 34*a = 3*z - 1126. What is the units digit of a?
3
Let l = 212 - 89. What is the tens digit of l?
2
Let i = 73 - 78. Let d = 5 - 7. What is the tens digit of d - (-64)/(-1 - i)?
1
Suppose 10 = -4*w - 5*y, 6*y + 6 = 2*w + 3*y. Suppose -3*a - a + 192 = w. Suppose a = 4*s + 8. What is the tens digit of s?
1
Let a(g) = -2*g + 17. Let y be a(7). What is the units digit of (-21)/(y*(-2)/32)?
2
Suppose -10 - 8 = -3*i. Suppose -4*o + 5*s + 153 = i*s, 3*o = -2*s + 116. What is the units digit of o?
8
Let f(i) = -i + 7. Let o(n) = n - 7. Let h(s) = 5*f(s) + 6*o(s). Let x be h(7). Suppose -3*l + 4 + 41 = x. What is the units digit of l?
5
Suppose m = -5*o + 2409, 95*m - 97*m - o = -4800. What is the thousands digit of m?
2
Suppose -6*w + 32*w = 8424. What is the units digit of w?
4
Let b(k) = -k**2 - 6*k - 4. Let o be b(-6). What is the units digit of (-651)/(-12) + o/16?
4
Let w(i) = 64*i**3 + 3*i**2 + 2*i. Let s be w(-1). Let t be (s/(-12))/(1/(-4)). Let o = t - -62. What is the tens digit of o?
4
Suppose 378 + 664 = h. What is the hundreds digit of h?
0
Let g = -742 + 1098. What is the hundreds digit of g?
3
Let i(t) = t - 7. Let o be i(9). Suppose 4*v + 24 = o*r, -3*r = 4*v + 14 - 0. What is the units digit of r?
2
Let t = -13 + 15. Suppose -3 = t*c - c. What is the tens digit of 1/((-168)/57 - c)?
1
Suppose 107 = -12*g + 275. What is the units digit of g?
4
Let d(c) = -c - 9. Let t be d(-12). Suppose t*p = 13 + 2. Suppose -66 = -p*x + 169. What is the tens digit of x?
4
Suppose -f - 8 = -2*p, -4*f = -5*p - 0*f + 23. Suppose 3*s = 5*y - 2*y - 144, -p*y = -5*s - 138. What is the tens digit of y?
5
Suppose 8*n - 4*n = 2*m + 6, -m = n - 12. Suppose 5*f - m*f = -108. What is the units digit of f?
4
Let d be -2 - (16/(-4) + 0). Suppose -2*z + 2*x = -10, -9 = -z - x - d*x. Suppose 9*w - z*w - 36 = 0. What is the tens digit of w?
1
Suppose -2 = -l + 3. Let o = l + 27. What is the tens digit of o?
3
Let j(v) = v**3 - 30*v**2 - 41*v + 24. What is the hundreds digit of j(32)?
7
Let s be (-107)/(-3) - (-4)/36*3. Suppose a - 32 = -3*a - 4*u, -4*a - 5*u + 36 = 0. Suppose q = a*q - s. What is the units digit of q?
2
Suppose -x + 4 = x. Suppose 4 + 8 = 4*r. Suppose 2*b - r*k = 62, x*k + 56 - 173 = -5*b. What is the tens digit of b?
2
Let g be 275/(-3) + 1/(-3). Let k = -20 - g. What is the tens digit of k?
7
Let s = 0 - -40. Suppose -s = -3*t + 5*t. Let c = t - -30. What is the tens digit of c?
1
Suppose 8690 = 6*b + 5*b. What is the tens digit of b/7 - (0 + 1/(-7))?
1
Suppose 0 = -w + 24 + 1. Suppose 4*r + 1 = w. What is the units digit of r?
6
Let x(c) = 561*c - 704. What is the hundreds digit of x(8)?
7
Suppose 39 + 6 = 5*t. Let p = t - 1. Suppose n + p = 2*n. What is the units digit of n?
8
What is the units digit of ((-8)/10)/(((-88)/4320)/11)?
2
Let w be (-1)/(-2) - 931/14. Let q be w/(-24) + (-6)/8. Suppose q*c = -6 + 8. What is the units digit of c?
1
What is the thousands digit of 1/(-4 + (-85164)/(-21288))?
1
Suppose 4*s - 828 = a + 362, -4*s = -3*a - 1186. What is the hundreds digit of s?
2
Let u = 26 + 56. What is the tens digit of u?
8
Suppose -5*j - 327 = 3*n - 3269, 3951 = 4*n + j. What is the hundreds digit of n?
9
What is the units digit of ((-2)/4)/(8/(-16496))?
1
Suppose 8 = 4*x, -3*c - 56 = -2*x - 13. Let m = -4 - c. What is the units digit of m/15 - 152/(-5)?
1
Let z(r) = -r**3 - 9*r**2 - 12*r. Suppose 4*x + 5*d = 11, -3*x = -0*x - 4*d - 16. Let t = x - 12. What is the units digit of z(t)?
2
Suppose 3*b - 16*f - 4895 = -20*f, 4*b = 3*f + 6485. What is the units digit of b?
5
Let u = 176 + -8. Suppose z + 302 = 5*h, 3*h - 3*z - 2*z - u = 0. What is the tens digit of h?
6
Let v(w) = 5*w**2 + 8*w + 16. What is the hundreds digit of v(7)?
3
Suppose -17*z - 1400 = -22*z. Suppose 0 = 2*d - 4*q - 228 - z, q = 0. What is the units digit of d?
4
Let k = 13 + -15. Let u be 4/k + -2 + 4. Let j = u - -39. What is the tens digit of j?
3
Let d = 109 + -76. What is the tens digit of d?
3
Suppose -y - 4 = -7. Suppose -4*j + 4 = -x + 43, 5*x - y*j - 161 = 0. Let b = x + -18. What is the units digit of b?
3
Suppose 2*a - 20 = -3*a. Let i(k) = k**3 - 3*k**2 - 6*k + 3. Let o be i(a). Let u = o - -16. What is the tens digit of u?
1
Let r be 35*(3 + (-1 - -1)). Suppose 4*i + r = 11*i. What is the tens digit of i?
1
Let k = 274 + 338. What is the hundreds digit of k?
6
Let a(n) = 663*n**3 - n**2. What is the tens digit of a(1)?
6
Let o(r) = -25*r - 11. Let c be o(-2). Let a = c + 30. What is the tens digit of a?
6
Suppose 9*n + 5*h - 1625 = 4*n, -3*h = -3*n + 969. Suppose -2*t - 2*x + n = 0, 2*t - 650 = -2*t - 3*x. Suppose -4*r = -20 - t. What is the tens digit of r?
4
Suppose 0 = 3*i + i + 5*t - 95, 0 = -5*i - t + 124. What is the tens digit of -1 + 1 + (i - 2)?
2
Let o = 2 - 1. Let a be -23 - (-2 - (o - 3)). Let i = 25 + a. What is the units digit of i?
2
Let k = -162 - -138. What is the hundreds digit of ((-846)/k)/(1/8*2)?
1
Suppose 0 = -4*u + 3*h + 18, -2*h + 32 = 4*u + 2*h. Suppose 108 = -u*d + 756. What is the units digit of d?
8
Let g(r) = r**3 - 2*r**2 - 2*r. Let c be g(0). Suppose -5*p - 20 = c, -2*q + 5*p = 4*p - 402. What is the tens digit of q?
9
Let o(s) = s**3 + 9*s**2 - 7*s - 2. Let n(f) = f**3 + 8*f**2 - 6*f - 2. Let z(x) = 3*n(x) - 2*o(x). What is the units digit of z(-5)?
3
Let o(r) be the third derivative of r**5/20 - r**4/4 + r**3/3 + 32*r**2. What is the tens digit of o(8)?
4
What is the hundreds digit of (9*13)/(10*15/1100)?
8
Let f(b) = 3*b - 7. Let q(m) = -m + 1. Let i(h) = f(h) +